00010 - 0?
-1000010
In base 2, what is 1100 + 100?
10000
In base 7, what is 2006 - -11?
2020
In base 13, what is -53 + 2?
-51
In base 5, what is 4 - -121?
130
In base 10, what is -4 + 1339?
1335
In base 9, what is 126 - -5?
132
In base 12, what is 1b + 1?
20
In base 8, what is 62 + 262?
344
In base 11, what is -38 - -7?
-31
In base 2, what is 11100000 + -1101100?
1110100
In base 4, what is -1232 + 1?
-1231
In base 13, what is -45 - -56?
11
In base 2, what is 1000001000 - -11?
1000001011
In base 14, what is -3 + 24?
21
In base 8, what is 3 - -76?
101
In base 16, what is -4 + cc6?
cc2
In base 7, what is -1 + -33?
-34
In base 5, what is -22310 + -10?
-22320
In base 4, what is 0 - 1130?
-1130
In base 8, what is 2 + -20?
-16
In base 2, what is -111011 + 1?
-111010
In base 5, what is -4214 + 0?
-4214
In base 14, what is -41 - -3?
-3c
In base 4, what is 13001 - 2?
12333
In base 13, what is -7 + 71?
67
In base 16, what is -9 + -c?
-15
In base 16, what is -4 - 3aa?
-3ae
In base 8, what is -34 + -55?
-111
In base 14, what is 6b - -3?
70
In base 2, what is 0 - 1111100100?
-1111100100
In base 13, what is 5 - 90?
-88
In base 3, what is 10 + -112?
-102
In base 4, what is 2 + 330110?
330112
In base 16, what is -fa + -2?
-fc
In base 9, what is -472 - 4?
-476
In base 5, what is 0 + -111?
-111
In base 16, what is b0 + -69?
47
In base 14, what is 1 + 2b?
2c
In base 6, what is 2013 - -5?
2022
In base 4, what is -331 + 2222?
1231
In base 8, what is -523 - 3?
-526
In base 7, what is 23 + 0?
23
In base 14, what is -5 + -194?
-199
In base 7, what is 10 - 2551?
-2541
In base 11, what is 2 + -4a2?
-4a0
In base 2, what is 0 - 1000110111?
-1000110111
In base 12, what is -9 - -43?
36
In base 11, what is 13 + 18?
30
In base 3, what is -22211 - -10?
-22201
In base 3, what is 1 + 1110002?
1110010
In base 11, what is 4 - -611?
615
In base 14, what is -3 + -722?
-725
In base 5, what is 121 - 1?
120
In base 2, what is -1011 + -100011011?
-100100110
In base 12, what is -2 + -108?
-10a
In base 7, what is 33 + 124?
160
In base 12, what is 1 - -556?
557
In base 11, what is -5 + -9a?
-a4
In base 12, what is -252 + 15?
-239
In base 7, what is 6 + 26?
35
In base 6, what is -1 + -2245?
-2250
In base 12, what is 0 + -58?
-58
In base 10, what is 1100 + -3?
1097
In base 2, what is -11111 - -1111?
-10000
In base 9, what is 1 - -127?
128
In base 3, what is 2 + -222202?
-222200
In base 5, what is 202 - -432?
1134
In base 16, what is -386 - 1?
-387
In base 7, what is 1 + -140?
-136
In base 15, what is -2 - -19?
17
In base 4, what is -3 - 10323?
-10332
In base 13, what is -503 + 0?
-503
In base 2, what is 0 - -1101000?
1101000
In base 7, what is -341053 - -4?
-341046
In base 6, what is 5 + -42?
-33
In base 12, what is 213 + 4?
217
In base 9, what is -1 - 63?
-64
In base 11, what is -606 - 1?
-607
In base 7, what is -140 - -4?
-133
In base 7, what is 14 + 603?
620
In base 15, what is -d8 + 2?
-d6
In base 14, what is 2 + 96?
98
In base 8, what is -4013 + 0?
-4013
In base 2, what is 1010000100110 + 1?
1010000100111
In base 5, what is -1 + -1114?
-1120
In base 5, what is -20 + 120?
100
In base 3, what is -10112 - 112?
-11001
In base 2, what is 10010 - 10101?
-11
In base 2, what is 100000010011 - 1?
100000010010
In base 7, what is 135244 - -3?
135250
In base 8, what is -5541 + -2?
-5543
In base 10, what is -124 + 4?
-120
In base 16, what is 2 + -6d7?
-6d5
In base 3, what is 22110200 + -12?
22110111
In base 14, what is -10 + -16?
-26
In base 9, what is 0 - 414?
-414
In base 9, what is 131 + 222?
353
In base 7, what is 105262 + 5?
105300
In base 6, what is 35 + 24?
103
In base 4, what is -1030 + -1?
-1031
In base 4, what is -223 + -11123?
-12012
In base 6, what is -105 + -55?
-204
In base 8, what is -100 - 127?
-227
In base 7, what is -2 - 10231?
-10233
In base 9, what is 127 - 3?
124
In base 8, what is 7600 + -1?
7577
In base 6, what is -101 - -221?
120
In base 14, what is 18 + -4?
14
In base 13, what is -8 + 177?
16c
In base 2, what is 11 - -1110010111?
1110011010
In base 3, what is 12 + 200211?
201000
In base 16, what is -1e + c3?
a5
In base 6, what is -5 + -24?
-33
In base 3, what is -22 + 0?
-22
In base 12, what is 0 + 359?
359
In base 2, what is 1000110000 + 10?
1000110010
In base 2, what is -10101110 - 101?
-10110011
In base 4, what is 10000 + -13?
3321
In base 14, what is -4 - 133?
-137
In base 4, what is -12 - 2132?
-2210
In base 2, what is 10010 - -1010?
11100
In base 13, what is -115 + -6?
-11b
In base 14, what is -4 + 43?
3d
In base 9, what is -2 + 82?
80
In base 7, what is -5 + 153?
145
In base 9, what is 4 + -612?
-607
In base 11, what is -56 - 3a?
-95
In base 6, what is 20 - 15?
1
In base 10, what is -6 - 510?
-516
In base 12, what is -1 + 897?
896
In base 11, what is -7 + -1999?
-19a5
In base 12, what is 276 - 2?
274
In base 6, what is 5 + 24?
33
In base 13, what is -17 + 185?
16b
In base 2, what is -100 + 101110001?
101101101
In base 8, what is 354 - 4?
350
In base 11, what is 96 - 30?
66
In base 7, what is 1 + 34?
35
In base 12, what is 2079 + -5?
2074
In base 7, what is -22364 - 4?
-22401
In base 11, what is 17 + -1?
16
In base 13, what is 47 - 3?
44
In base 10, what is 3 + -559?
-556
In base 8, what is -26 - -51?
23
In base 3, what is 10 + -1200?
-1120
In base 10, what is -72 - 2?
-74
In base 4, what is -1021001 - 1?
-1021002
In base 7, what is 13055 + 3?
13061
In base 5, what is 240 - -2?
242
In base 4, what is -20331 + 12?
-20313
In base 12, what is -38 - -a?
-2a
In base 13, what is -3 - 145?
-148
In base 10, what is -8 + 1?
-7
In base 2, what is -11 + -1000101?
-1001000
In base 2, what is 101 + -1011011?
-1010110
In base 10, what is 14 + -12?
2
In base 9, what is -506 + 5?
-501
In base 13, what is -2 + -61?
-63
In base 8, what is 1173 + 4?
1177
In base 2, what is -101000100 - 10?
-101000110
In base 8, what is 1240 - -20?
1260
In base 4, what is -10 - 1130?
-1200
In base 5, what is -2 + 412?
410
In base 16, what is 333 + 4?
337
In base 13, what is -20a - 15?
-222
In base 16, what is d39 + 5?
d3e
In base 6, what is -2 - -1305?
1303
In base 3, what is -22 - 22?
-121
In base 7, what is -625 + 5?
-620
In base 7, what is -4 + -16414?
-16421
In base 16, what is 2d + 7?
34
In base 2, what is -1 - 10001010?
-10001011
In base 2, what is 11 + -1100010001?
-1100001110
In base 11, what is aa - -13?
112
In base 5, what is 403 - -131?
1034
In base 14, what is 16 + -39?
-23
In base 12, what is 4 + 1?
5
In base 16, what is -76 + 74?
-2
In base 2, what is 10011011 + -11000?
10000011
In base 3, what is -1 + 12100112?
12100111
In base 13, what is 11 - 35?
-24
In base 6, what is -2 - -313?
311
In base 15, what is 1b + 591?
5ac
In base 5, what is -104 - -2114?
2010
In base 4, what is -3 - 113102?
-113111
In base 2, what is 11000111 - 10?
11000101
In base 4, what is -2 - 21331?
-21333
In base 5, what is -21 + -10?
-31
In base 3, what is -11 + -20020?
-20101
In base 14, what is 5 + 13a?
141
In base 16, what is 2 - 92?
-90
In base 9, what is 17457 - 2?
17455
In base 8, what is -6 + -4122?
-4130
In base 13, what is 4 + 2b?
32
In base 8, what is 34 + -51?
-15
In base 6, what is -30 + 110?
40
In base 2, what is -100 - -1111001100?
1111001000
In base 11, what is 46 - 4?
42
In base 3, what is 2 + 200?
202
In base 6, what is 2 + -1014?
-1012
In base 10, what is 28 + 165?
193
In base 11, what is 3 + -20?
-18
In base 3, what is 2120 + 110?
10000
In base 14, what is 4 - 343?
-33d
In base 11, what is 4 + 507?
510
In base 4, what is 10 - -1120210?
1120220
In base 15, what is -8 - 27?
-30
In base 13, what is 3c + -11?
2b
In base 8, what is 22 - -221?
243
In base 8, what is -5 + -50?
-55
In base 14, what is 0 - c66?
-c66
In base 10, what is 4275 + 2?
4277
In base 4, what is -2 - -13213?
13211
In base 5, what is 4440 - -4?
4444
In base 6, what is 232 - -4?
240
In base 13, what is -753 - 5?
-758
In base 9, what is -37 - -5?
-32
In base 14, what is a28 + 7?
a31
In base 13, what is 0 + -18?
-18
In base 4, what is -10 + 332?
322
In base 4, what is 1323 + 3?
1332
In base 7, what is 6 - 340?
-331
In base 12, what is -15 + b?
-6
In base 11, what is -171 + 0?
-171
In base 11, what is a - -1928?
1937
In base 6, what is 114 + -30?
44
In base 15, what is -5 - d?
-13
In base 9, what is 177 + 5?
183
In base 8, what is -114 